g). Calculate z(j).
-1
Let v(z) = -z**3 - 3*z**2 - 2*z + 3. Let j(n) = 32*n + 157. Let r be j(-5). Determine v(r).
9
Let g(b) = 3*b**3 + 3*b**2. Let h(t) = 3*t**3 + 3*t**2. Let q(x) = 3*g(x) - 4*h(x). Let p = 8388 + -8390. Determine q(p).
12
Let p = 172 - 169. Suppose 0 = 2*h - x - 21, 0*h + p*x - 25 = -5*h. Let w(i) = 3*i - 12. Calculate w(h).
12
Let q = -3869 - -3853. Let c(p) = -p**2 - 14*p + 30. Calculate c(q).
-2
Suppose -18*l - 16 = 20. Let j(b) = 6*b**3 - 2*b**2 - 6*b - 1. Determine j(l).
-45
Let b(y) = y**2 + 11*y - 1. Let d = -58 - -76. Let m be ((-66)/d)/(1/3). What is b(m)?
-1
Let w(v) = 3*v**2 - 34*v + 5*v + v**2 + 18*v - 4. Calculate w(3).
-1
Let p(l) = -l**2 - 8*l - 11. Let u be p(-5). Let s be (12/u + -2)/(3/(-177)). Let f = 51 + s. Let d(j) = -j**3 - 7*j**2 + 7*j - 8. Give d(f).
0
Let s(p) = -221*p + 4. Let m(n) = 71*n. Let r(x) = 3*m(x) + s(x). What is r(-6)?
52
Let q(g) = 58*g**3 + 36*g**2 - 85*g + 19. Let o(w) = -25*w**3 - 18*w**2 + 42*w - 10. Let k(u) = -7*o(u) - 3*q(u). Determine k(-20).
-7
Let v(q) = -q**3 + 10*q**2 - q + 1. Let a be 6/3 + -5 - (1 + -4). Suppose 0 = 5*o - 3*f - 32 - 18, a = -2*f. Let z be v(o). Let u(r) = r + 16. Determine u(z).
7
Let b(o) = -63 + 3*o**3 + 26 - 15*o**3 + 37. Give b(-1).
12
Let b(r) = -r**2 - 17*r + 18. Let a be b(1). Let g(d) be the first derivative of 1/2*d**2 - 8 + a*d. Give g(1).
1
Suppose 3*z - 12*p + 10*p = 38, 30 = 5*z + 5*p. Let a(i) = 0*i**2 - 18*i + 2*i**2 - z*i + 30*i - i**2 - 2. Calculate a(4).
22
Let l(k) be the second derivative of 5*k**3/6 + 27*k**2/2 - 1614*k. Give l(0).
27
Let s(l) = -3*l**2 - 16. Let o(r) = -6*r**2 - r - 27. Let j(k) = -3*o(k) + 5*s(k). What is j(-4)?
37
Let r = 945 + -952. Let v(k) = -k**3 - 5*k**2 + 3*k - 13. Give v(r).
64
Let v(t) = t + 8. Let d = -8009 + 8003. Calculate v(d).
2
Let d(p) = -p**2 - 9*p + 6. Suppose 4*c + 33 = -3*h, 58*c - 55*c + 11 = -h. Determine d(h).
-16
Let v(w) = w**2 + 13*w - 67. Let l(h) = -708*h + 1399. Let u be l(2). Calculate v(u).
1
Let a(d) = -5*d**3 - 4*d**2 + 8*d - 8. Let i(x) = x**3 - 2*x + 1. Let v(y) = a(y) + 6*i(y). Let c = -334 - -332. What is v(c)?
-18
Let v(g) = -g**2 + 5*g - 17. Let l be 636/742 - (2/(-14) + 0). Let z(k) = k. Let y(r) = l*v(r) - 5*z(r). Give y(0).
-17
Let m(o) be the third derivative of o**5/60 - 13*o**4/24 + 2*o**3 - 2017*o**2. Determine m(3).
-18
Let l(h) = 2*h + 1. Let o(t) = 7*t + 27. Let d(k) = 5*l(k) - o(k). Calculate d(16).
26
Let n(o) be the third derivative of o**5/60 + 7*o**4/12 + 1496*o**2. What is n(-6)?
-48
Let x(q) = -17*q - 146. Let t(r) = 39*r + 315. Let f(j) = -6*t(j) - 13*x(j). Give f(5).
-57
Let o(t) = 3*t**3 - 5*t**2 - 7*t - 13. Let h(y) = y**3 - 2*y**2 - 3*y - 6. Let d(m) = -5*h(m) + 2*o(m). Let b = 112014 + -112014. Give d(b).
4
Suppose -12*z - 38*z - 77 + 777 = 0. Let u(y) = 7*y - 61. Determine u(z).
37
Suppose -16 = 3*b + 2. Let q(j) = -j**3 + 12*j**2 + 8*j + 3. Let n(o) = 2*o**3 - 21*o**2 - 16*o - 7. Let d(w) = b*n(w) - 11*q(w). What is d(-7)?
2
Let q(v) = 4*v**2 + 19*v - 4. Let k(x) be the second derivative of -5*x**4/12 - 23*x**3/6 + 5*x**2/2 + 14*x. Let m(j) = -3*k(j) - 4*q(j). Calculate m(-7).
1
Suppose 4*n - 2045 = -45. Let x = n + -502. Let c(q) = -q - 7. Give c(x).
-5
Let n(m) be the second derivative of 3*m - 9/2*m**2 - 1/6*m**3 - 32. Determine n(-7).
-2
Let o(w) = 3*w**2 - 7*w + 12. Let p(c) = 13*c**2 - 27*c + 48. Let b(a) = -9*o(a) + 2*p(a). Let x = 1150 + -1142. Calculate b(x).
-4
Suppose 0 = -6*t + 77 - 17. Suppose 4*x - 11*g + 7*g = 20, t = -3*x - 2*g. Let w(d) = 2*d - 8. Give w(x).
-8
Let h be (7/1)/(1 - 0). Let a(x) be the first derivative of x**4/4 - 7*x**3/3 - x**2/2 - 3*x - 1427. Give a(h).
-10
Let v = 496 - 468. Let s be (-7)/v + 6/24. Let b(x) = x + 36. Determine b(s).
36
Let g(s) be the third derivative of s**5/30 + 2*s**4/3 - 20*s**3/3 + 4554*s**2. What is g(2)?
0
Let w = -3433 - -3438. Let g(r) be the third derivative of -1/12*r**4 + 0*r + 0 - 1/6*r**3 - 28*r**2 + 1/30*r**w. What is g(2)?
3
Let m = 2114 + -2114. Let g(c) = c - c - c**3 + c**2 + 6. Let t be g(m). Let s(w) = -w + 8. What is s(t)?
2
Let g be (-18)/(-81) - (-1950)/(-27). Let a be -4*((-9)/14)/(g/(-84)). Let o(u) = 4*u + 3. Give o(a).
15
Let t(l) = 7*l**3 - 2*l**2 + l. Let q = -31 - -36. Suppose -2 - 63 = -q*o. Suppose -7*n = -o + 6. Calculate t(n).
6
Let t = 157 + -154. Let o(n) = 0*n**t + 6*n**3 + 6*n**3 - 16*n**3 + 8*n - 9*n**2 + 5*n**3. What is o(8)?
0
Let d = -43 + 46. Let a be (1 + (-2)/d)*21. Let x(f) = -f**2 + 7*f + 4. Give x(a).
4
Let g(a) = a**3 + 2*a**2 - 16*a - 3. Let y be g(-5). Suppose -y*q + 3*z = -4, 2*q - 3*q + 5*z + 16 = 0. Let b(x) = -2*x - 2*x + 5*x - 2. What is b(q)?
-6
Let r(a) be the second derivative of a**4/6 + 10*a**3/3 + 11*a**2 - 872*a. Calculate r(-8).
-10
Let i(k) = -4*k + 4. Let c(o) = -4*o - 1. Let d(p) = -11*p - 2. Let m(q) = -8*c(q) + 3*d(q). Let f(z) = -2*i(z) + 7*m(z). Give f(-7).
-1
Let q(b) be the third derivative of -1/12*b**4 - 1/20*b**5 + 3*b**2 + 0*b - 9 + 1/3*b**3. Calculate q(-3).
-19
Let s(v) = v**3 - 13*v**2 + v - 8. Suppose 11*l - 2*z + 64 = 13*l, -5*l - 2*z = -166. Suppose -35*b + 13 = -l*b. Calculate s(b).
5
Let t(j) = 8*j - 12. Let g be 2/((-536)/(-40) + -13). Give t(g).
28
Let z(i) = i**2 - 7*i + 10. Let m be 3*((-132)/144 - (-1)/4). Let w(h) = 4*h**2 - 22*h + 32. Let o(g) = m*w(g) + 7*z(g). Calculate o(-6).
0
Let a(r) = 152*r**2 - 12*r + 4*r - r - 153*r**2 - 22. Determine a(-5).
-2
Suppose -2*a + 90 = 10. Let k = -384 - -428. Let j = a - k. Let v(p) = p**3 + 4*p**2 + 3. Calculate v(j).
3
Suppose 0 = -5*y - 35 + 5. Let w(b) = 13 + 1520*b - 19 - 1522*b + b**3 + 6*b**2. Give w(y).
6
Suppose -80*u = 4*a - 84*u - 68, -3*a + 36 = 2*u. Let h(y) = y**2 + 5*y - 272. Calculate h(a).
-6
Let g(m) be the third derivative of 0 - 78*m**2 - 1/24*m**4 - 5/3*m**3 + 0*m. Calculate g(-9).
-1
Let z(g) = -g**2 - 13*g + 28. Let a(l) = l**3 - 3*l**2 + 2*l - 15. Let i be a(0). Determine z(i).
-2
Let j(o) = -22*o**2 - 37*o + 49. Let l(c) = -7*c**2 - 12*c + 15. Let u(n) = 3*j(n) - 10*l(n). Determine u(-3).
6
Suppose 0 = -10*s + 68 - 48. Let y = -5 - -7. Let u(q) = q - 2*q + 5*q - 2*q**2 - y*q. What is u(s)?
-4
Let g(s) be the first derivative of 23*s**4/4 - s**3/3 - 11*s**2/2 - 9*s - 11010. Calculate g(-1).
-22
Suppose 5*r + 1005*u - 1002*u + 105 = 0, 5*u + 95 = -3*r. Let b(w) = -15*w + 21 - 11 + 2*w - w**2 + 6. Determine b(r).
-14
Let v(s) be the second derivative of 2*s**3/3 + 18*s**2 - 5*s - 29. What is v(-12)?
-12
Let n(w) be the second derivative of 1/60*w**5 + w - 5/6*w**4 + 1/720*w**6 + 0*w**2 + 0*w**3 + 0. Let a(j) be the third derivative of n(j). Calculate a(2).
4
Let s(j) = -2*j**3 - 4*j - 3*j**2 + j**3 - 2 + j**2. Suppose t + 42 = 2*f, 3*f - 70 + 20 = -5*t. Suppose 4*o = 14*o + f. What is s(o)?
6
Suppose 2*w + 26 = 3*r, -3*r + 34 - 7 = -3*w. Suppose 0 = -y - r*y. Suppose -2*b + 5*k - 26 = y, 0*b - b + 17 = 5*k. Let p(x) = 2*x**2 + 4*x + 3. What is p(b)?
9
Let f(l) = -l**3 - l**2 + 5*l + 6. Suppose 5*j = -p + 26 + 7, 0 = -p + 2*j + 5. Let x(k) = -2*k**2 + 28*k - 30. Let o be x(p). Calculate f(o).
34
Let x = 475 - 473. Let r(y) = -y**x - 12 + 3 - 8*y + 6*y + 15*y. Calculate r(12).
3
Let l(n) be the second derivative of n**4/12 + 10*n**3/3 + 55*n**2/2 - 4*n + 713. Determine l(-16).
-9
Let c(s) be the second derivative of 1/3*s**3 + 14*s + 1/4*s**4 - 5 + 1/2*s**2. What is c(-3)?
22
Let m(l) = 2*l + 8. Let h be 4/46 + (-1128)/276 - 4. Calculate m(h).
-8
Let s(f) = f**2 - 7*f - 54. Let w = -10336 - -10346. Give s(w).
-24
Let k(i) = i**2 - 4*i + 2. Let b(u) = -u**2 + 8*u + 4. Let w be b(9). Let m be (-1 - 3)*(-9)/(-18) - w. Calculate k(m).
-1
Let q(d) = -d**3 + 5*d**2. Let o = -2510 - -2513. Determine q(o).
18
Let h(u) = 2*u**3 + 10*u**2 + 6*u + 7. Let c(y) = 3*y**3 + 11*y**2 + 6*y + 8. Let x(r) = 3*c(r) - 4*h(r). Let n = -383 - 82. Let s = -457 - n. Calculate x(s).
12
Suppose -490*d + 1800 = -486*d. Let q(m) = 457*m**2 + m**3 + d*m**2 - 904*m**2 - 3*m. Give q(-3).
9
Let y = -67198 + 67195. Let a(s) = -2*s. Let c(q) = -q. Let u(k) = -3*a(k) + 8*c(k). Determine u(y).
6
Let w(d) be the first derivative of -d**3/3 - 5*d**2/2 + 35*d + 335. What is w(-8)?
11
Let s(y) = -y**3 - 8*y**2 - 3*y - 6. Suppose 30284*g = 30286*g + 12. Determine s(g).
-60
Let m(r) be the